greatest common factor of l and u.
37
Suppose -3*x + 632 - 656 = 0, o = 5*x + 4987. Calculate the highest common divisor of o and 291.
291
Let o = -5633 - -5658. What is the highest common factor of o and 215?
5
Let y(n) = -55*n + 1427. Let t be y(25). Calculate the highest common divisor of 39 and t.
13
Let h = -1942 - -2023. What is the highest common factor of 2484 and h?
27
Suppose 52*p - 59*p + 1262 - 170 = 0. Calculate the highest common factor of 156 and p.
156
Let b(d) = -1. Let c(f) = 2*f + 7. Let h(k) = -3*b(k) + c(k). Let q be 2 + 0 - 4 - 1. Let n be h(q). What is the greatest common factor of n and 6?
2
Suppose -43*r - 2*b + 13940 = -40*r, 0 = -3*b + 3. What is the greatest common divisor of 46 and r?
46
Let v(g) be the second derivative of g**3/6 + 15*g**2 + g. Let n = 3758 - 3768. Let t be v(n). What is the highest common factor of 20 and t?
20
Suppose -24*k + 14101 = 2581. What is the greatest common divisor of k and 210?
30
Let b(u) = u**2 - 121*u - 1012. Let t be b(-8). What is the highest common factor of t and 3130?
10
Let v be ((-59)/(-2))/((69/18)/(-23)). Let k = v + 375. Let r(z) = -6*z - 12. Let a be r(-5). What is the greatest common factor of a and k?
18
Let a = -10077 + 10088. Calculate the greatest common factor of a and 14113.
11
Suppose -684 = 3*w + 4*d, 0 = -w - 5*d - 5 - 234. Let r = w - -462. What is the highest common factor of r and 14?
14
Suppose -40 = 54*y - 59*y. Let o(f) = f**2 + 15*f - 52. Let w be o(y). Calculate the highest common factor of 12 and w.
12
Let g(w) = 210*w - 1018. Let q be g(5). What is the highest common divisor of q and 1256?
8
Suppose -10*m = 22*m - 10*m - 232034. Calculate the highest common factor of m and 199.
199
Let d = -10760 - -12032. Calculate the highest common divisor of 96 and d.
24
Suppose 0 = -y - s + 3291, 26*s - 23*s - 3281 = -y. Calculate the greatest common divisor of 96 and y.
32
Suppose -m + 274 = 4*w, -1256 = -5*m - 42*w + 41*w. What is the greatest common factor of 2900 and m?
50
Suppose -33*v - 7875 + 12523 = -11654. Calculate the highest common factor of v and 95.
19
Let t be (2/(-5))/(3/(-465)). Let n = t - 13. Suppose -2*d + 26 = -3*k, 3*d - 4 = -2*k + 9. What is the highest common factor of n and d?
7
Let t = 207 - 23. Suppose -4*j + 3*h = 69 + 48, -2*j - 3*h = 63. Let r = j - -53. Calculate the greatest common factor of r and t.
23
Suppose -4*l = -3*l - 19. Let a be (1 - 3)*3/(-3). Suppose 0 = -0*q - a*q + 38. Calculate the greatest common divisor of l and q.
19
Let q = 3598 - 2747. Calculate the greatest common divisor of 111 and q.
37
Let p = 206 + -197. Let u be p/(-6)*(6 - (76 + 4)). What is the highest common divisor of 37 and u?
37
Suppose -271 - 129 - 146 = -3*y. Suppose -5*c - 85 = -5*t, 0*c = 2*t + 2*c - 22. What is the highest common divisor of y and t?
14
Suppose -5*u + 250 + 131 = -3*q, 0 = -3*u - 4*q + 188. Let h(f) = -f**3 - f**2 - 4*f. Let l be h(-5). What is the highest common factor of l and u?
24
Let l(j) = 3*j - 11. Let s be l(11). Suppose 2*v + s = 3*v. Suppose 2*i - 58 = -5*z, 2*z + z - 2*i = v. Calculate the highest common divisor of z and 10.
10
Suppose -144 = -29*j + 13*j + 13*j. Calculate the greatest common divisor of 7584 and j.
48
Suppose 5*s + 15 = 0, s + 4 + 8 = 3*z. Suppose -y - r + 40 = 0, -8*y - 4*r + 197 = -z*y. Calculate the greatest common divisor of y and 111.
37
Let v(l) = -l + 11. Let h be v(-9). Suppose -1926 = -8*t - t. Let a = t - 199. What is the highest common factor of a and h?
5
Let h be 1/(-5) + 286/5. Suppose -18*b - 12*b + 68 = -292. What is the highest common divisor of b and h?
3
Let x be -4 - -1220*((-3)/(-2))/((-33)/(-22)). What is the highest common factor of x and 800?
32
Let b be (4/(-5))/((-2)/135). Let r(f) = -1762*f - 14090. Let t be r(-8). What is the highest common divisor of t and b?
6
Suppose 5*h - 83 + 38 = 0. Suppose -j - 4*q = -44, 2*q - h = -3. Calculate the highest common factor of j and 544.
32
Let m = 165 + -144. Suppose m*c + 250 - 1825 = 0. Calculate the greatest common factor of 3 and c.
3
Suppose 14423 = -25*f + 19173. What is the highest common divisor of 2185 and f?
95
Let b(d) = 2*d**2 - 173. Let r be b(-11). What is the highest common factor of 529 and r?
23
Let j = 2535 - 2299. Calculate the highest common divisor of 590 and j.
118
Suppose 297*j + 75*j = 1920264. What is the greatest common factor of 1602 and j?
178
Let k = -9002 + 13748. What is the greatest common divisor of k and 56?
14
Let z be -4 - (-3 + -2)*-13. Let a = -45 - z. Let j(x) = 61*x**2 + x. Let c be j(-1). Calculate the highest common factor of c and a.
12
Let m be -8 - (12/(-4) + 3 - 2). Let t(n) = -2*n**2 - 18*n + 8. Let s be t(m). Calculate the greatest common divisor of 11 and s.
11
Suppose 18480 = 6*v - 3*v. Suppose 10*p = 5*p + v. Suppose 2*w = -5*w + p. Calculate the highest common factor of 16 and w.
16
Let m = 6 - 2. Suppose -120 = -3*c + 3*q, 2*q + 9 - 151 = -m*c. Suppose 4*g - 14*g = -370. Calculate the greatest common divisor of c and g.
37
Let j = -53 + 56. Suppose 6*t + 1 = -j*r + 4*t, -3*t + 3 = 0. Let f be r/(-2)*3 - 2/(-4). What is the greatest common factor of 18 and f?
2
Suppose -5*r - r - 23*r + 4176 = 0. What is the greatest common factor of r and 54?
18
Let n = -80 - -28. Let p = 52 + n. Suppose p = -10*x - 196 + 856. What is the greatest common divisor of 6 and x?
6
Let z(l) = -l**3 + 6*l**2 + 8*l - 6. Let w be z(6). Let g(d) = -d**3 - 45*d**2 - 92*d - 188. Let f be g(-43). Calculate the greatest common factor of f and w.
14
Let k = -102 - -102. Suppose 13*d - 9*d - 24 = k. Suppose -g + d*g - 95 = -3*j, -5*g + 135 = -5*j. What is the highest common divisor of 154 and g?
22
Let y(x) = -12*x + 180. Let k be y(30). Let c = 194 + k. Calculate the greatest common divisor of c and 238.
14
Let c = -2497 - -2801. Calculate the highest common divisor of c and 11324.
76
Let l(v) = 4*v - 5. Let d be l(-47). Let k be -1 - d - (-60 + 65). Calculate the highest common factor of k and 17.
17
Let h = 4574 - 1228. Calculate the greatest common divisor of 14 and h.
14
Let j = 525 - 267. Suppose 3*c - w - 454 = 0, 4*c + 3*w = 369 + j. What is the greatest common divisor of 17 and c?
17
Let g(d) = 38*d - 120. Let v be g(4). Let s be (-2)/(8/30)*v/(-10). What is the greatest common divisor of s and 108?
12
Let b(f) = f**2 + 57*f - 511. Let p be b(8). What is the highest common factor of p and 732?
3
Suppose -7*u = -6 - 1. Let i = 2 + 1. Let s be -8*u/i*-3. What is the highest common factor of s and 64?
8
Suppose 2*d - 329 - 223 = 0. Let m = d - 45. Suppose n = 3*b + 27, -5*n + 173 = -2*b + 6*b. What is the highest common factor of n and m?
33
Suppose 370 = 3*g - 155. Suppose z - 13 = -9*o + 6*o, 0 = -5*z + 5*o + 145. What is the greatest common factor of g and z?
25
Suppose -10*r = -16*r - 156. Let m = r + 125. Let s be m/6 - 3/(-6). What is the highest common factor of 221 and s?
17
Let x be (-4 - -1) + 63 - 0/3. Suppose 3*h - 146 = -4*z, 2*z + 0*h - 5*h - x = 0. Let d be (-120)/2*(-28)/z. Calculate the greatest common divisor of 6 and d.
6
Suppose -5*z = 4*p - 978, -1679*z - 12 = -1677*z. What is the highest common divisor of 4998 and p?
42
Suppose -16 = 2*w - 3*w + h, -2*w + 44 = h. Suppose 15*b - w*b + 20 = 0. Suppose 0 = b*m - 47 - 17. Calculate the greatest common factor of m and 48.
16
Let o = -783 + 1483. Let w = o - 677. What is the greatest common divisor of w and 1173?
23
Let p(f) = -f. Let d be p(1). Let c be ((-300)/(-40))/(d/(-2)). Suppose c*t - 211 = -1. What is the greatest common divisor of t and 154?
14
Suppose 6*w + 115*d - 114*d - 32025 = 0, 3*w + d - 16011 = 0. What is the greatest common factor of w and 34?
34
Suppose 0 = 3*w - 5*w + 108. Suppose -w*s + 51*s + 108 = 0. Suppose 0 = -6*y + s + 30. Calculate the greatest common divisor of y and 1.
1
Let o(p) = p**2 - 4*p - 5. Let b(a) = -5*a - 17. Let j be 12/(2 + -4) + 3 + -2. Let x be b(j). Let t be o(x). What is the highest common factor of 3 and t?
3
Let v be -6 + 366/60 - (2 - 53457/30). Calculate the highest common factor of 100 and v.
20
Let t = -43 - -83. Let o(r) = 629*r + 25620. Let l be o(-40). What is the greatest common factor of t and l?
20
Let j be 8/28 - 26/(-7). Suppose 2*z + 0*h = -h + 985, j*h = -4*z + 1960. Suppose 2*p 